4eae9?
-14eaee
In base 5, what is -1101332 + -212213?
-1314100
In base 3, what is -111120120120110 - -11?
-111120120120022
In base 6, what is 15554032 - 1124?
15552504
In base 9, what is -148224804 - 0?
-148224804
In base 15, what is 5eac8e0 - -7?
5eac8e7
In base 2, what is -10110 + 1011000101010010?
1011000100111100
In base 16, what is -14e - 69324?
-69472
In base 5, what is -2301123 - -23?
-2301100
In base 8, what is 2742 + 45534?
50476
In base 7, what is -2000232 + 10356?
-1656543
In base 6, what is 1433251101 - 12?
1433251045
In base 10, what is 2 - -1347724?
1347726
In base 3, what is 121002201 + 1120000?
122122201
In base 9, what is -144641 - 26?
-144667
In base 2, what is 110110011001101011011010 - -10?
110110011001101011011100
In base 6, what is -1233 - 103032205?
-103033442
In base 5, what is 24 - -33220114121?
33220114200
In base 5, what is -1004210100 - 3000?
-1004213100
In base 4, what is 213203110 + -123?
213202321
In base 6, what is -43000443 - -115?
-43000324
In base 15, what is -156 + 64a0?
6349
In base 6, what is -3042244 + 1121?
-3041123
In base 2, what is 10000001100101100 - 1100111011001?
1110100101010011
In base 16, what is -37ab2e8 + 1?
-37ab2e7
In base 10, what is 103933 - -203?
104136
In base 2, what is 100 - -1010000100001111110110?
1010000100001111111010
In base 10, what is 240446 - -101?
240547
In base 10, what is 69125 - -3481?
72606
In base 9, what is 152380 - 267?
152112
In base 5, what is 412231231 - -10?
412231241
In base 7, what is 51124415 - 12?
51124403
In base 2, what is 11 - -10010000010010110000?
10010000010010110011
In base 2, what is 110001101100111111011000 + 10?
110001101100111111011010
In base 2, what is 1111101110011010100 - -101000010?
1111101111000010110
In base 6, what is 224243 - -2550?
231233
In base 12, what is 5447 + -645?
4a02
In base 12, what is 1783 - 2139?
-576
In base 13, what is b4ab + 1465?
c943
In base 14, what is -21d977 + 5?
-21d972
In base 15, what is -1b57e29b - -1?
-1b57e29a
In base 16, what is 438da + -16a?
43770
In base 10, what is 165 + -270218?
-270053
In base 8, what is -175033 + -550?
-175603
In base 14, what is 3b0 - 4055?
-3a85
In base 15, what is 4b99 - -8a5?
554e
In base 11, what is -401793 - 65?
-401848
In base 4, what is -1203 - 103030032303?
-103030100112
In base 11, what is -46 - -4a44?
49a9
In base 8, what is -1374 + 2205?
611
In base 10, what is 20 + -57879?
-57859
In base 5, what is -10340112 + -4420?
-10400032
In base 15, what is -7c661e5 - -8?
-7c661dc
In base 2, what is 1101000010001100100100011 - 11?
1101000010001100100100000
In base 5, what is 140402020012 + -4?
140402020003
In base 5, what is -11 - -322134103?
322134042
In base 12, what is 18ab375 - -2?
18ab377
In base 4, what is 2010320 - 21110312?
-13033332
In base 11, what is 416631 + 24?
416655
In base 5, what is -341132 + 12032?
-324100
In base 12, what is -23 - 140b54?
-140b77
In base 15, what is -e3 - -10627?
10534
In base 11, what is -9 - 1289a26?
-1289a34
In base 2, what is 110001101 + 100000101001110101?
100000110000000010
In base 10, what is 16 + -71980?
-71964
In base 13, what is -12 + -b38326?
-b38338
In base 9, what is 113 - 1252067?
-1251854
In base 4, what is -12113231233312 - -10?
-12113231233302
In base 6, what is 23245242 - 11?
23245231
In base 11, what is 593 + -14162?
-1367a
In base 12, what is -599aa6 + -b?
-599ab5
In base 10, what is 45550674 + 5?
45550679
In base 8, what is 43333 + 257?
43612
In base 6, what is 5302 + 330555?
340301
In base 12, what is 2 - -5577322?
5577324
In base 14, what is 4a632 - -7a?
4a6ac
In base 3, what is 12200 - -2200020012?
2200102212
In base 2, what is 110000111011 - 110011111000?
-10111101
In base 11, what is -7 + -307480?
-307487
In base 6, what is 1233435151 - 2?
1233435145
In base 14, what is -470d30 + -5?
-470d35
In base 4, what is -21220032 + 1030012?
-20130020
In base 11, what is a8730a5 - 2?
a8730a3
In base 6, what is 332041424 - 113?
332041311
In base 10, what is -2 - -9184513?
9184511
In base 6, what is 102415 - -530?
103345
In base 14, what is -10 + -a5c7a6?
-a5c7b6
In base 12, what is -a53b + 5b?
-a4a0
In base 8, what is -1545630 - -53?
-1545555
In base 16, what is 0 - 50cd0e1?
-50cd0e1
In base 6, what is 2 + 32102411004?
32102411010
In base 7, what is -110 + -50532113?
-50532223
In base 11, what is 1614 - 3761?
-2148
In base 15, what is -1 - 5ee57?
-5ee58
In base 11, what is -145 + 7691?
7547
In base 7, what is 33233 + 4244?
40510
In base 3, what is 1011 - -11101111?
11102122
In base 10, what is 39 - 15449483?
-15449444
In base 14, what is 1915 - 32b?
15c8
In base 6, what is -15432442140 - -3?
-15432442133
In base 2, what is 1000010100101011000101010001 - 11?
1000010100101011000101001110
In base 14, what is 0 - 1039507?
-1039507
In base 14, what is -65ba + 414?
-61a6
In base 10, what is -15677289 + 49?
-15677240
In base 8, what is -126 - -624764?
624636
In base 3, what is 101 - -120001110122111?
120001110122212
In base 13, what is 6c2 - -209813?
20a205
In base 2, what is 11 - -1001101111111010110100001?
1001101111111010110100100
In base 13, what is 5 + -318448?
-318443
In base 6, what is 424135 - 41331?
342404
In base 4, what is -100122300 + -12133?
-100201033
In base 3, what is 1012111001 - 1111?
1012102120
In base 4, what is 1003 + -131303221?
-131302212
In base 3, what is 10001021222102000221 + 1?
10001021222102000222
In base 8, what is 23 - -22477364?
22477407
In base 10, what is 293 + 84402?
84695
In base 8, what is 310610277 + -1?
310610276
In base 11, what is -6 + -114234193?
-114234199
In base 12, what is 1496832b8 - 0?
1496832b8
In base 5, what is 2240120212 + -1341?
2240113321
In base 5, what is -10 + -422032323?
-422032333
In base 9, what is 8370 + 1780?
11260
In base 5, what is -14 + 144011042?
144011023
In base 6, what is 5 + -3140033335?
-3140033330
In base 11, what is -1578a + 17a?
-15610
In base 4, what is -130320112 + 122?
-130313330
In base 2, what is 110110 - -10101000001110010110?
10101000001111001100
In base 15, what is 3950 + -129d0?
-e080
In base 8, what is 545 + -74472?
-73725
In base 10, what is -1603 - -2019?
416
In base 11, what is 6a9 + 346319?
346a17
In base 10, what is 419984 + 20?
420004
In base 6, what is -100114 + -154501?
-255015
In base 7, what is -2115054052 - 2?
-2115054054
In base 8, what is 101 + 52213727?
52214030
In base 7, what is -16353606 - 354?
-16354263
In base 9, what is -206 + 61051?
60744
In base 11, what is -10a6 - -10340?
a245
In base 2, what is 0 + 1000101010101001011100?
1000101010101001011100
In base 7, what is -6 - -1530050521?
1530050512
In base 8, what is -1261645 + 65?
-1261560
In base 9, what is -181 + -110001?
-110182
In base 7, what is 15602133 - 20?
15602113
In base 12, what is -43020 + -593?
-435b3
In base 2, what is 100110001 + -111110000100010100?
-111101111111100011
In base 15, what is 43 + 118722?
118765
In base 4, what is -1313122 - -121013323?
113100201
In base 6, what is -350 + -3250223?
-3251013
In base 12, what is 72a0 + 64?
7344
In base 15, what is -1c06d57 - -1?
-1c06d56
In base 7, what is -1331 - -22512?
21151
In base 7, what is 4035 + -61362?
-54324
In base 4, what is -3203320322 + 2020?
-3203312302
In base 4, what is 12 + 10123133330232?
10123133330310
In base 6, what is -43511 - -133412?
45501
In base 13, what is 1813b - -6c?
181aa
In base 7, what is -4520 - -551463?
543643
In base 16, what is 3bec4 - 40b?
3bab9
In base 7, what is 11 + 245353436?
245353450
In base 10, what is 10 + 790224?
790234
In base 9, what is 1 + -3132470?
-3132468
In base 16, what is 90a42 - b5?
9098d
In base 5, what is 1414 - -313043120?
313100034
In base 14, what is -745d5b8 + 0?
-745d5b8
In base 9, what is 216321 - 16?
216304
In base 5, what is -23021 - -110410?
32334
In base 3, what is 22202012020 - -101?
22202012121
In base 13, what is 18c59c6 - 2?
18c59c4
In base 16, what is -11ae - 91e?
-1acc
In base 9, what is -5701722 + 201?
-5701521
In base 7, what is 2413 + -163160?
-160444
In base 11, what is -452004 - -4?
-452000
In base 4, what is -203203113232 + 1?
-203203113231
In base 5, what is 101042043 - 1122?
101040421
In base 9, what is -353225 - -240?
-352875
In base 3, what is -10 + -10002002202110111?
-10002002202110121
In base 9, what is 5018756 + 3?
5018760
In base 14, what is b6